ts digit of f?
3
Suppose -n = 3*d + 5 + 29, -2*d + 5*n = 0. Let g be (126/(-30))/(1/d). What is the units digit of (1/2)/(3/g)?
7
Let g = 22 + -16. Let j = 5 - g. What is the units digit of -4*((-6)/(-4))/j?
6
Let q(g) be the third derivative of 7*g**4/4 - 13*g**3/2 - 5*g**2 + 3*g. What is the tens digit of q(6)?
1
Suppose 3*n + n - 5*m = 632, -147 = -n + 4*m. What is the hundreds digit of 7/((-14)/6) + n?
1
Let y = 830 + -522. What is the hundreds digit of y?
3
Let x(h) = -h + 2. Let y be x(11). Let i(t) = -t**3 - 8*t**2 + 3*t + 13. Let n be i(y). Let s = n + -26. What is the units digit of s?
1
Suppose -h = -d - 25, 3*h - 29 = h - 5*d. What is the units digit of h - (5 - (8 + -1))?
4
Let m(x) = -2*x**2 + 7*x - 3. Let h(l) = -10*l**2 + 34*l - 14. Let q(o) = 10*o - 1. Let n be q(-1). Let i(u) = n*m(u) + 2*h(u). What is the tens digit of i(6)?
2
Suppose 2528 = 5*w + 93. What is the hundreds digit of w?
4
Suppose 3*q + 3*v - 535 = 2*q, 4*q - 4*v = 2220. What is the hundreds digit of q?
5
Let r = 77 + -245. Let j = r - -244. What is the tens digit of j?
7
Let f = -7 + 10. Suppose 114 = q + 4*u - 66, 4*q = -f*u + 694. Suppose q = 5*v + 47. What is the tens digit of v?
2
Suppose -57 = -5*l + 33. Suppose l*h - 10*h = 864. What is the units digit of h?
8
Let c(w) = -w - 2. Let d be c(-3). Let v be -3*(28/(-12) + d). Suppose 4*y - 104 = -v*s, -3*y + 0*y + 78 = s. What is the units digit of y?
6
Let j = 46 - 41. Suppose -5*v + 5 = 0, 2*g = -3*g - j*v + 60. What is the units digit of g?
1
Let g be (-3)/(-4) - 31/4. Let w(d) = -d - 2. Let l be w(g). Suppose 0 = l*s - 0*s - 125. What is the tens digit of s?
2
Let p(c) = -4*c**2 - 6 + 6*c**2 - 4*c - 3*c. What is the hundreds digit of p(-7)?
1
Let x = 92 - 85. Suppose -2*j - 465 = -x*j. What is the units digit of j?
3
Let g be ((-36)/20 + 1)*-5. Suppose 4*n - 155 = -3*v, -g*n - v + 135 = -2*v. Let y = n - 21. What is the tens digit of y?
1
Let t = -14 + 6. What is the tens digit of 138/t*(-4)/3?
2
Suppose 0 = 4*n + n - c - 125, -5*c + 50 = 2*n. Let k(w) = -w + 7. Let o be k(5). Suppose 4*y + 5*x = y + 76, -y - o*x = -n. What is the tens digit of y?
2
Let q(i) = 11*i**2 - 12*i - 1. Let d = 15 + -10. Let l be q(d). Suppose -5*b + l = 29. What is the tens digit of b?
3
Suppose -2*i - 1130 = 5*m + i, 0 = -3*m + i - 664. Let l = m - -401. What is the units digit of l?
8
Let o = -135 + 598. What is the hundreds digit of o?
4
Let f(w) = 4*w**2 + w + 5. Let k be f(-3). Let h = 203 - k. What is the tens digit of h?
6
Suppose -68*y - 82501 = -91*y. What is the thousands digit of y?
3
Let u be 12 - (-1 + -2) - 3. Let t be (-56)/(-9) + u/(-54). Suppose -3*a - 3*r + 9 = 0, -t = -4*a - 3*r + 10. What is the units digit of a?
7
Let y = 8211 - 4244. What is the units digit of y?
7
Let c be 145/3*27/9. Suppose -c = 6*s - 475. What is the units digit of s?
5
Let b = 68 - -315. What is the tens digit of b?
8
Suppose -4*f = -f - 36. Suppose -4 = -2*t + f. Let b = t - -11. What is the units digit of b?
9
Suppose 0*m = 2*x - 5*m + 55, 3*m = 5*x + 128. Let v = x + 25. Suppose i - 20 + 11 = v. What is the units digit of i?
9
Let r(l) = 37*l**2 - 11*l + 2. What is the thousands digit of r(-6)?
1
Let p(f) = -16*f**3 - 2*f**2 - 2*f - 4. Let w be 1/(-4 - 21/(-6)). What is the tens digit of p(w)?
2
Let m(w) = -w**2 + w + 29. Let d be m(6). What is the units digit of (-287)/(-7) + (-2)/(3 + d)?
0
Let d be 5*(-8)/60*-39. Let k = d + -26. Let o(y) = y + 33. What is the units digit of o(k)?
3
Suppose 0 = -6*m + 3*m + 6. Suppose 81 = 5*w - m*h - 202, -w = 3*h - 43. What is the units digit of w?
5
Let p(g) = -g**2 + 5*g - 3. Let f be p(6). Let c be 15/9 + (-3)/f. What is the units digit of -2*(c/(-1) - -1)?
2
Let v be 3 + (-9)/((-36)/3248). Suppose v + 578 = 7*a. What is the units digit of a?
9
Let s(z) = -z**2 + 15*z - 20. Let y(g) = g. Let r be 5*(3 - 11/5). Let f(v) = r*y(v) - s(v). What is the tens digit of f(13)?
4
Let m be -18*((-16)/12 - 2). Let n(c) = -2*c**3 + 7*c**2 - 7*c + 4. Let g be n(4). Let d = m + g. What is the tens digit of d?
2
Let q = 3450 + -862. What is the thousands digit of q?
2
Let m = -40 + 44. What is the units digit of -2 + (-2)/m*1*-94?
5
What is the thousands digit of (20985/(-70)*4)/(2/(-7))?
4
Let v be 2/(1 - -1) - -1070. What is the tens digit of ((v/(-28))/(-9))/((-1)/(-24))?
0
Let n(v) = 117*v + 27. What is the units digit of n(7)?
6
Let j(k) = 5*k**2 + 9*k + 3. Let z be j(-9). Suppose 4*u + 4*t = -612, 0*u + 5*t - z = 2*u. What is the tens digit of u/(-3) - (0 - -3)?
4
Suppose 28 = -4*o + 4*i, 11 = -5*o + 4*i - 5*i. What is the units digit of (o - (-45)/(-10))*(-112)/10?
4
Let o(g) = 4*g**2 + 178*g - 97. What is the units digit of o(-47)?
3
Suppose 7*o - 5*o + 144 = 0. What is the hundreds digit of (-12)/o - 641/(-6)?
1
Let s(o) = -o + 16. Let c be s(12). Suppose -105 = c*t - 6*t + 5*x, 20 = t + 4*x. Suppose -t = -n - 4*n. What is the units digit of n?
8
Let h(v) = 7*v - 1. Let n be h(1). Suppose -18 = 3*m + 5*b, m - b = n*m + 30. Let t = 13 + m. What is the units digit of t?
7
What is the hundreds digit of 3/(-6) + (-16099)/(-34)?
4
Let b be ((-109)/4)/(8/(-32)). Let i = -120 - -64. Let l = i + b. What is the tens digit of l?
5
Let k(o) = -14*o. Let s(u) = u**3 - 9*u**2 - 11*u + 9. Let x(n) = n**2 - 5*n - 4. Let y be x(7). Let r be s(y). What is the units digit of k(r)?
4
Let t(n) = n**2 - 26*n - 48. Let b(p) = 2*p**2 - 21*p - 7. Let g be b(12). What is the tens digit of t(g)?
3
Suppose -4*v = n - 27, 0 = 3*n - 10 + 1. Let d(x) be the third derivative of -x**6/120 + x**5/10 + x**4/6 - x**3/2 - x**2. What is the tens digit of d(v)?
2
Let k(t) = t**3 + 9*t**2 - 8*t + 12. Let u be k(-10). Let z = u + 14. What is the units digit of (8 + -3 - -4)*z?
4
Suppose -3*w + 284 + 90 = -2*s, 0 = 4*w - 2*s - 498. Let d = w + -47. What is the tens digit of d?
7
Suppose 2*k - 3*j - 2 = 3, 5*j - 5 = 0. Suppose -x - 843 = -5*b, -k*x = -4*b - 3*x + 674. What is the units digit of b?
9
Suppose 4*l - 1 = 5*l, -173 = -d + 3*l. What is the tens digit of d?
7
Let c(m) = 39*m**2 + 30*m + 139. What is the units digit of c(-5)?
4
Suppose 9*r = 47 + 952. What is the units digit of r?
1
Let n(x) = x**3 - 14*x**2 + x + 10. Let j(y) = y**3 + y - 2. Let o be j(1). Suppose o = -4*b + 9*b - 70. What is the tens digit of n(b)?
2
Suppose -t - 4*n + 351 = 0, -3*t - 4*n = -5*n - 1079. What is the hundreds digit of t?
3
Let t = -871 - -1750. What is the hundreds digit of t?
8
Suppose -3*m - 4*u = -647, -233 = -m + 2*u + u. Suppose -2*r = -m - 109. What is the tens digit of r?
6
Let f be -23 + (-2*2)/(-4). Let j = 52 + f. What is the tens digit of (-15 - -1)*j/(-35)?
1
Let o = -24 + 24. Let h(r) = -5*r + 58. What is the tens digit of h(o)?
5
Let w(i) = -i**2 + 9*i - 10. Let u be w(7). Suppose u*s - 12 - 120 = 0. What is the units digit of s?
3
Let w = 4 + -2. Suppose -g + w*h = -2*h - 55, g + 2*h = 79. What is the tens digit of g?
7
Let s be (-1)/((-2)/(-114)*-3). Let h = 16 - s. What is the units digit of (h - -1)*(-30)/12?
5
Suppose -3*t = a - 2005, 12*t = -a + 11*t + 1997. What is the thousands digit of a?
1
What is the tens digit of (-6321)/(-27) + 3 + 3/(-27)?
3
Suppose n - 5*l = 40, -n - n + 50 = 5*l. Suppose 4*i + 10 = n. Suppose 0 = -i*x + 18 + 2. What is the units digit of x?
4
Suppose -k = -3*f - 946, -9*k = -7*k - 4*f - 1886. What is the hundreds digit of k?
9
Let l = 58 + -57. What is the units digit of ((-79)/3)/((-2)/6) - l?
8
Suppose -9*c + 1323 + 783 = 0. What is the tens digit of c?
3
Suppose 2*h - 4*v = -18, 3*v - v = 2. Let u = h - -7. Suppose u = 7*i - 2*i - 65. What is the units digit of i?
3
Let a(q) = -q**3 + 8*q**2 - 8*q + 13. Suppose 5*i = 32 + 3. Let x be a(i). Suppose 46 + x = 2*c. What is the units digit of c?
6
Suppose -3579 = -15*d + 3051. What is the hundreds digit of d?
4
Suppose -2*l = -2*h + 2294, -18*l = -4*h - 20*l + 4582. What is the units digit of h?
6
Suppose 7*u = 5*u + 1384. What is the tens digit of u?
9
Let z = 955 - -787. What is the tens digit of z?
4
Suppose -15 = 3*v + m - 5*m, 2*v - 5*m = -3. What is the tens digit of 2/v + (-533)/(-9)?
5
Let g be (-2 + 3)/((-4)/(-64)). Suppose 3*x + g = -x. Let h(f) = 3*f**2 + 4*f - 5. What is the units digit of h(x)?
7
Let y(u) = -u**3 - u**2 - u + 1. Let w(